*w - p*b - 3. What is x(w)?
4
Let t = 20606 - 20603. Let d(y) = 16*y - 73. What is d(t)?
-25
Let z(h) = 3*h**2 + 11*h - 12. Let t(x) be the first derivative of -2*x**3/3 - 7*x**2/2 + 8*x + 54. Let b(a) = 8*t(a) + 5*z(a). What is b(-4)?
-8
Let z(d) = d**2 + d + 1. Let y(o) = -o**3 - 4*o**2 - 5. Let k(a) = y(a) - 2*z(a). Let m be (-1)/((-68)/(-40) - 27/18). Calculate k(m).
-22
Let x(v) = -8*v**3 + v**2 + 2*v - 1. Let j(o) be the second derivative of -o**5/20 + 48*o. Let s(h) = -6*j(h) + x(h). Calculate s(-2).
15
Let z(o) = -22*o**3 + 4*o**2 + o - 1. Let c(u) = 22*u**3 - 4*u**2 - u + 1. Let l(k) = 7*c(k) + 6*z(k). Calculate l(2).
159
Let w = 101 - -63. Let d = 163 - w. Let o(q) = 19*q**3 - 2*q**2 + 1. Give o(d).
-20
Let i(s) = s - 26. Let a be i(20). Suppose 0*v = 2*v + 5*u + 14, 0 = -2*v - u + 2. Let g(k) = -v - 8 + 10 + 4*k + k**2. What is g(a)?
11
Let q(o) = -2 + 6*o + o - 9*o**2 + o**3 - 6*o. Let a be q(9). Let r(y) = -2*y + 3. What is r(a)?
-11
Let z = -63 - -55. Let w(b) = 21*b + 165. Let y be w(z). Let v(p) = p**2 + 3*p + 4. Determine v(y).
4
Let n(u) be the third derivative of u**5/15 + 5*u**4/24 + u**3/6 - 36*u**2 - 3*u - 22. Determine n(-2).
7
Let b(d) = d**3 + 2*d**2 - 7. Let h be b(-5). Let t = -73 - h. Let m(o) = -t*o - 11*o**2 + 20*o**2 + 7 - 8*o**2. Give m(9).
7
Let u = 55 + -42. Let p(z) be the first derivative of -8*z - z**2 - u - 7/3*z**3 - 1/4*z**4. Calculate p(-7).
6
Let c(z) = -29*z**3 - 8 + 7*z**2 - 4*z - 25*z**3 + 53*z**3. Let w = -46 - -37. Let h be ((-16)/(-12))/((-2)/w). What is c(h)?
4
Let u(o) be the third derivative of -5*o**4/24 + 17*o**3/6 + 296*o**2 + o. Determine u(12).
-43
Let z(n) = 2*n**2 + 5*n + 2. Suppose 191*b = 415 + 540. Give z(b).
77
Let k(r) = -3*r**2 + 129*r + 266. Let o be k(-2). Let j(s) = s**3 - 2*s**2 - 23*s + 1. Determine j(o).
-3
Let v(q) = q**2 - 6*q - 6. Let i = -154 - -157. Suppose i*d = -n + 7 + 2, 2*d + 22 = 4*n. Calculate v(n).
-6
Suppose -41 + 13 = 4*q. Let v be 9/(-5) - q/(-35). Let z(u) = -16*u + 4 + 18*u - 2. Determine z(v).
-2
Let q(h) = -3*h - 2 + 3*h + h**3 + h - 6*h**2. Let f(z) = -2*z**2 - 4*z - 12. Let j be f(-2). Let r = -6 - j. What is q(r)?
4
Let s(h) = 1. Let m(v) = v + 21. Let f(l) = 5*l - 24. Let q(n) = n**2 + 6*n - 10. Let y be q(-8). Let t be f(y). Let o(u) = t*s(u) - m(u). Calculate o(-7).
-8
Let b(m) = -51 + 11 + 13*m**2 - 98 + 33*m - 2 - 12*m**2. Determine b(-37).
8
Let k be 18/3 + (-2 - 1). Let b(z) = 2*z + 15*z - 4 + 3*z - 13*z. What is b(k)?
17
Let a = 1453 - 1458. Let f(y) be the first derivative of -1/3*y**3 + 3 - 3*y - 3*y**2. Determine f(a).
2
Let d(a) = 96 - 50 - 52 - 7*a. Let c(b) = -8*b - 7. Let v(w) = 6*c(w) - 7*d(w). Determine v(-4).
-4
Let u(p) = -14*p - 105. Let x = -1043 - -1034. Calculate u(x).
21
Let i(r) = -3*r - 4*r - 135*r**2 + 63*r**2 + 71*r**2 - 30 + 6*r. What is i(0)?
-30
Let x(l) = 2315 + 2318 + 2316 - l - 4*l + 8*l**2 - l**3 - 6955. Let c = 11 + -4. Calculate x(c).
8
Let l(d) be the third derivative of -d**5/30 + d**4/24 + d**3/6 - d**2 + 6*d. Let r(f) = f**3 - 11*f**2 + 7*f + 29. Let b be r(10). Calculate l(b).
-2
Let o(i) be the first derivative of i**2/2 - 4*i + 3283. Determine o(2).
-2
Suppose 6 = 7*u - 15. Suppose -2*w - 8 = 0, g + 130 = 2*g + u*w. Suppose g*y = 147*y - 15. Let o(x) = -x**3 + x**2 - x + 3. What is o(y)?
-18
Let q be (-116)/38 + 30/570. Let c(g) = 22*g + 11. Give c(q).
-55
Let c be (2 - (-8)/2) + -2 - -6. Let a(l) = l**2 - 10*l + 1. Calculate a(c).
1
Let d(t) = 484*t**2 - 161*t**2 + 21 - 170*t**2 + 11*t - 152*t**2. Calculate d(-5).
-9
Let x = -174 + 174. Suppose -3*d = d - 5*g + 3, 5*d + 4*g + 14 = x. Let b(m) = m**3 + 3*m**2 + m + 3. Calculate b(d).
5
Let u(a) = 7*a + 7. Let z(s) = -8*s - 9. Let f(l) = 6*u(l) + 5*z(l). Let t(h) = 3*h - 6. Let q(w) = 5*f(w) - 3*t(w). Give q(4).
7
Suppose g + 27 = -4*w + 7*w, -3*w + 5*g + 27 = 0. Let r(l) = -10*l + 28. Give r(w).
-62
Let s(h) = 29*h**3 + h**2 + 30*h + 14. Let z(r) = 19*r**3 + r**2 + 31*r + 14. Let a(l) = 2*s(l) - 3*z(l). What is a(-5)?
1
Let s(d) be the third derivative of 0*d - 1/6*d**3 - 5/24*d**4 + 107*d**2 + 1/60*d**5 + 0. Calculate s(5).
-1
Let w be 6/1 + -15 + 11. Let b(m) be the second derivative of m**3 - 28*m - 1/2*m**w + 0 + 1/20*m**5 + 3/4*m**4. Determine b(-8).
15
Let r = 1 - 10. Let o(k) = -19*k**2 + 92*k - 8. Let s(t) = -35*t**2 + 167*t - 16. Let l(h) = -11*o(h) + 6*s(h). Give l(r).
1
Let o(j) = -76*j + 990. Let g be o(13). Let z(a) be the second derivative of 8*a + 0 + 3*a**g - 1/6*a**3. Determine z(-6).
12
Let o be 0/((-158)/869 + (-48)/(-22)). Let i(f) = -3*f**3 - 2*f - 4. Determine i(o).
-4
Let n(w) = -13 - 11 + 39*w - 13 + 9 + 11*w. Let s(a) = 51*a - 37. Let x(j) = -4*n(j) + 3*s(j). Calculate x(-1).
48
Let a(g) = 5*g**2 + 2*g**3 - 4*g**2 - 4*g + 1 - g**3. Let f(q) = -q + 1. Let l(h) = h**2 - 6*h. Let x(p) = 6*f(p) - l(p). Let c be x(3). What is a(c)?
-5
Let i(t) = -t**3 - 7*t**2 - 7*t + 6. Let o(f) = -2*f**3 - 66*f**2 - 66*f - 44. Let w be o(-32). Let l be 5/(-2)*15*w/125. Calculate i(l).
12
Let x(b) = 2*b - 11. Let l(o) = 3*o - 21. Let j(i) = 3*l(i) - 5*x(i). Suppose 5*r + 20 = 5*t, 2*r + 7*t + 12 = 8*t. Give j(r).
0
Let w(l) = -l. Let a(k) = -3*k - 5. Let i(n) = a(n) - 2*w(n). Let v(x) = -x**3 - 5*x**2 + 52*x + 16. Let q be v(-10). Determine i(q).
-1
Let z(v) = 4*v - 1. Let c(g) = -7*g + 1. Let m(x) = 3*c(x) + 5*z(x). Let i be (240/1360)/(9/255). What is m(i)?
-7
Let h(f) = 15*f + 30. Let u(q) = -3*q - 6. Suppose 5*i + 4*s = -121, i + 8*s = 3*s - 41. Let j(k) = i*u(k) - 4*h(k). Calculate j(-4).
-6
Let l(v) be the third derivative of v**7/2520 - 7*v**6/720 + v**5/60 - 7*v**4/6 + 5*v**2 - 6. Let b(n) be the second derivative of l(n). Give b(3).
-10
Let o(u) = -2*u - 1. Suppose 4*f - 2*f + 6*j + 40 = 0, -f - 30 = 5*j. Let c(s) = -5*s**2 - 29*s - 16. Let v be c(f). Determine o(v).
-9
Let y be 1 + (3/1 - 8). Let g(j) = 4*j + 18. Let x be g(y). Suppose 4*c = -6 + x. Let i(u) = -6*u. What is i(c)?
6
Let d(c) = 4*c**2 + 2 - 7*c - c**2 - 4*c**2. Let f = 6295 - 6300. Give d(f).
12
Let w(r) = 2*r**2 + 8*r - 2. Let q be w(-4). Let n(i) = 4*i**2 + 3*i. Let o be n(q). Let m = -16 + o. Let g(p) = -p - 2. Determine g(m).
4
Let n(o) = o**3 + 7*o**2 + 6*o + 6. Let t(v) = -2*v**3 - 9*v**2 - 2*v - 12. Let y be t(-8). Let d = y + -458. Give n(d).
6
Let u(m) be the first derivative of -m**3/3 - 7*m**2 - 25*m + 462. Calculate u(-13).
-12
Let q(b) = -b**3 - 30*b**2 - 56*b - 8. Let y(i) = 4*i**3 - 60*i**2 - 3*i + 17. Let n be y(15). Determine q(n).
-8
Let a(i) = -i**3 - 24*i**2 + 50*i - 44. Let d be a(-26). Let h(n) = -5*n**2 + 7*n + 5. Let t(u) = -u**2 - 1. Let r(y) = -h(y) + 4*t(y). Calculate r(d).
-1
Let a be 5 - (-81)/(-15) - (-344)/10. Suppose -3*p + 6 = -3*g, -4 = -30*g + a*g. Let x(h) = 3*h - 4. Give x(p).
-1
Let t be (9/(-5))/(105/(-25))*7. Let c(j) = 7*j + 10. Give c(t).
31
Let q be 120/12 - -11 - 42/2. Let i(g) = -2*g**2 - 2 + 3*g**2 + 0 + 3*g. Determine i(q).
-2
Let a(n) = n**2 - 8*n + 16. Suppose 17*t - 21*t = 4*g - 36, 5*t = 5*g + 25. Calculate a(t).
9
Let h(n) = 85 - 3*n**3 + 14*n + 14*n**2 + 10*n**2 - 19*n - 83. What is h(8)?
-38
Let y(q) be the first derivative of 1/4*q**4 - 10 + 10/3*q**3 - 6*q + 4*q**2. Give y(-9).
3
Let s(z) = -z**2 + 18*z - 15. Let o(i) = 2*i - 1. Let y(b) = b**3 - 2*b**2 - 6*b - 7. Let d be y(4). Let k(g) = d*s(g) - 5*o(g). Give k(7).
-3
Let s = -39 - -45. Suppose 0 = -2*q - s, 5*x - 2*x = -3*q. Suppose v - 5*c = -3, -x = v - 2*v - c. Let a(z) = -3*z - 2. Give a(v).
-8
Let v(b) be the second derivative of b**5/20 + 17*b**4/12 - b**3/6 - 3*b**2/2 + 491*b - 3. Determine v(-17).
14
Let a(k) = -2*k**3 + 6*k**2 + k + 6. Let h be a(3). Let r(w) = -w**3 + 8*w**2 + 7*w + 18. What is r(h)?
0
Let j(t) = -t**3 - 6*t**2 - 2*t + 5. Let w be (-3)/((-964)/(-244) + -4). Let s = 55 - w. Let i be (2/(2 + -1))/(s/15). Determine j(i).
-10
Let n(f) = -11*f**2 - f - 40. Let i(k) = -13*k**2 + k - 39. Let q(o) = -6*i(o) + 7*n(o). Let z be q(-3). Let m(a) = -2*a**3 + 3*a**2 - 4*a + 3. What is m(z)?
-9
Let z(w) = 28*w + 1281. Let c be z(-46). Let q(s) = -s**3 - 7*s**2 + 9*s - 5. Give q(c).
-68
Let m(b) be the first derivative of 4*b**4 + 2*b**3/3 + b**2/2 + 1. Let p = 117 + -30. Suppose p - 76 = -11*o. Determine m(o).
-15
Suppose 6*a + 29*a = 0. Let i(s) be the th